) = 99*x - 1. Let s = 6 + 0. Let c be (-6)/(-9) + 2/s. Let w be p(c). Calculate the greatest common divisor of 14 and w.
14
Suppose -5*t = -7*t - 8, 0 = -5*z + 3*t + 512. Calculate the greatest common divisor of 40 and z.
20
Let d(m) = 10*m + 1. Let n be d(2). Suppose -3*a = a - 420. What is the highest common factor of a and n?
21
Let w(d) = 4*d**2 - d - 2. Let m be w(2). Calculate the greatest common factor of m and 6.
6
Suppose -40 = -4*m + 2*m. Calculate the highest common factor of 60 and m.
20
Suppose -3*o - 106 = 125. Let t = -22 - o. Suppose 3*s - 8 = 7. Calculate the highest common divisor of s and t.
5
Suppose 270 = 3*d + 3*g, -d = -4*d + 4*g + 256. Suppose -3*z - 31 + 10 = -3*u, 0 = z - 1. What is the highest common factor of d and u?
8
Let o = 71 - 42. What is the greatest common factor of 232 and o?
29
Let m(t) be the first derivative of -3*t - 3. Let s(q) = q + 3. Let v(p) = -6*m(p) - 5*s(p). Let f be v(-5). Calculate the greatest common factor of 14 and f.
14
Suppose -3*q - 3 = 2*v - 2, -2*q + v + 11 = 0. Suppose -q*i + 10*i - 847 = 0. Calculate the highest common factor of i and 11.
11
Let l = 18 - 5. Calculate the greatest common divisor of l and 130.
13
Let c = 67 + 5. What is the greatest common divisor of c and 8?
8
Let n be 2*(2 + (-21)/6). Let q be n + (1 - 0) - -4. Let p = 35 - 23. Calculate the highest common factor of q and p.
2
Suppose 3*u - 89 = -14. Let p = -15 - u. Let m be (3/(-2))/(6/p). Calculate the greatest common factor of 110 and m.
10
Suppose 915 + 720 = 5*z. Let d = z - 162. Calculate the greatest common factor of 15 and d.
15
Let d = -39 - -79. Calculate the greatest common divisor of 100 and d.
20
Suppose 2*p + 0 = 6. Suppose 0 = -5*b + 4*n + 75, 0*b - 3*b - p*n = -18. What is the greatest common divisor of 44 and b?
11
Let h = 14 + 3. Suppose -3*o + 212 = -2*j, -o + 61 = 3*j + 5. Calculate the highest common factor of h and o.
17
Suppose 2*m + 0*m = -p + 162, -m = 2*p - 333. Suppose 4*x = 4*o + o + p, 5*x - 210 = 2*o. Calculate the greatest common factor of 7 and x.
7
Let h = 4 + -3. Suppose 0 = -3*f - 67 + 100. What is the greatest common factor of h and f?
1
Let s = 2 - -3. Suppose 15 - 75 = -s*a. Let o be (-4 + 5 + -2)*-6. What is the highest common factor of o and a?
6
Let u(m) = -m + 22. Let z be u(8). Suppose 2*n - 40 = 2*j, -65 = -3*n - 3*j + j. What is the greatest common divisor of n and z?
7
Let g = -19 - -19. Suppose 0 = -d - 4*d - 2*p + 503, -3*d - 2*p + 305 = g. Calculate the greatest common divisor of 11 and d.
11
Let a be 832/24 + 1/3. Calculate the highest common divisor of 280 and a.
35
Suppose 5*t - 3*p = 2*p + 10, -5*t - p + 4 = 0. Suppose d = 4 - t. Suppose -5*s + 77 + d = 0. What is the highest common factor of 24 and s?
8
Suppose 4*n + 1 = 9. Suppose -n*h = 8*s - 3*s - 28, -5*h + 70 = -s. What is the greatest common divisor of 2 and h?
2
Let m(n) = -n**2 + 15*n - 9. Let c be m(12). What is the highest common divisor of c and 9?
9
Suppose 0*u - 86 = -u + 2*t, -2*u + 2*t + 162 = 0. Suppose -140 = -4*a - v + 5*v, 0 = -2*a - 4*v + u. Calculate the greatest common divisor of a and 4.
4
Suppose 0 = -m - 2*t, -5*m + 0*t + 36 = t. Suppose 0*p - m = p. Let i = 16 + p. What is the greatest common divisor of i and 48?
8
Let a be 29 + 0 - (-5 - -2). Let b = -18 - -66. What is the highest common factor of b and a?
16
Let h(z) = -z**3 - 4*z**2 + 2*z + 6. Let u be h(-4). Let o be ((-40)/(-12))/(u/(-18)). What is the highest common divisor of o and 12?
6
Suppose 8*s - 91 = -5*s. What is the greatest common divisor of s and 7?
7
Suppose -4*a + 9*a - g = 133, -41 = -a + 5*g. What is the greatest common divisor of 13 and a?
13
Suppose -3*d + 12 = 3. Let o be (-99)/(-6)*4/d. What is the greatest common factor of 2 and o?
2
Let p(j) = 4*j**2 - 2*j + 1. Let g be p(-2). Suppose -3*u + 21 = -g. Suppose 3*z = 6, -a + 2 = -z - 94. Calculate the highest common factor of a and u.
14
Let l be ((-4)/10)/(1/(-10)). Suppose -65 = -l*v + 15. Suppose 3*s = -0*s + 15. What is the greatest common divisor of v and s?
5
Let o = 477 + -312. What is the greatest common factor of 33 and o?
33
Let b(g) = 16*g**2 + 3*g + 2. Let d be b(-2). Let t be (4/2 - 3)*-4. Let w be 25/1 - (-3 + t). Calculate the highest common factor of d and w.
12
Let m = 6 + -4. Suppose -m*g - 3*g + 300 = 0. Let n = 20 + 0. What is the highest common divisor of g and n?
20
Let f(w) = -101*w + 1. Let o be f(-3). What is the greatest common factor of o and 38?
38
Suppose 0 = k - 4 - 6. What is the greatest common divisor of 30 and k?
10
Let s be (-26)/(-5) - (-3)/(-15). Let z(p) = 7*p - 3. Let u be z(4). What is the highest common divisor of s and u?
5
Let o be 2*(0 - (-24 + -1)). Calculate the highest common factor of 10 and o.
10
Let g(w) = -2*w + 3. Let x be g(5). Let z(j) = j**2 + 7*j + 5. Let a be z(x). Suppose a*i - 10 + 0 = 0. What is the highest common divisor of i and 8?
2
Suppose -20*a + 154 - 34 = 0. Let f be 5/(10/4) - 0. Suppose 4*j + 19 = d + 5*j, 28 = f*d + 4*j. What is the greatest common divisor of d and a?
6
Let l = -114 + 214. Let v = 208 - l. What is the greatest common divisor of v and 12?
12
Let n(y) = y**2 - 2*y + 4. Let q be n(6). Let f be ((-1 - -15) + 0)/(70/35). Calculate the greatest common divisor of q and f.
7
Let r be 6/12*10*1. Suppose 0 = -3*j + 5*y + 155, -j + r*j - 265 = -5*y. Let x = 25 - 13. What is the greatest common divisor of j and x?
12
Let o(n) be the first derivative of -n**2 + 3*n + 1. Suppose 3*k - 2*k + 14 = 2*q, -3*q = -15. Let c be o(k). What is the highest common factor of c and 88?
11
Suppose 0 = -2*m + m. Let f be (m - 1*-10)*6. Suppose -2*g + g - 42 = -4*d, -5*d + 5*g = -f. What is the highest common divisor of d and 40?
10
Let m be (-7 + 3 - -4) + (8 - -1). What is the greatest common factor of m and 1?
1
Suppose -3*t = -0*t - 9, -5*t + 3 = -3*g. Let v = g - 4. Suppose v = 2*l + 2*l - 60. Calculate the highest common factor of l and 75.
15
Suppose 5*h + 14 = -1. Let u = h + 0. Let j be 272/6 + 1/u. Calculate the highest common factor of j and 9.
9
Let o(k) = -k**2 - 1. Let d be o(3). Let b be -35*(-5)/(d/(-4)). Suppose -w - b = -6*w. What is the highest common factor of 35 and w?
7
Suppose 2*x = 2*s + 36, s - 6*s = 0. What is the greatest common divisor of x and 126?
18
Suppose 0 = -2*r + p + 37, -45 = -3*r + 5*p. Calculate the highest common factor of r and 50.
10
Let w = -131 + 143. Calculate the greatest common divisor of w and 9.
3
Let a = -171 - -255. Suppose 4*w + 2*s = a, 0 = -5*w - 3*s - 3 + 109. Calculate the highest common divisor of w and 5.
5
Suppose 2*r + 1 = n + 4, 0 = -5*n + 3*r + 20. Let p be (-27)/3*-1*1. Let d be (-1)/(-3) + 60/p. What is the highest common divisor of n and d?
7
Let u(m) = m + 10. Let f be u(-7). What is the highest common factor of f and 3?
3
Let k = 52 - -69. Calculate the highest common divisor of k and 11.
11
Let j = 71 - -37. What is the highest common factor of 12 and j?
12
Suppose -3*g + 44 = 11. Let l be 2/(g/(-4) + 3). What is the greatest common factor of l and 1?
1
Let k be (3/(-3)*1)/(3/(-21)). What is the greatest common factor of 28 and k?
7
Let u = -11 - -15. Let a be (-1)/(-2) - (-46)/u. Let b be (12/10)/((-1)/(-90)). Calculate the highest common factor of a and b.
12
Let u = 165 + -158. Let k = -70 - -98. What is the highest common factor of k and u?
7
Suppose -3*k - 15 = 0, 2*k + 1 = 2*c - 3*c. Calculate the greatest common factor of c and 63.
9
Let g = -60 - -66. Calculate the highest common divisor of 54 and g.
6
Suppose -v + 14 = 4. Calculate the greatest common factor of v and 1.
1
Let h be 5/20 + (-2)/8. Let t be (h - -2) + -1 - -5. Let r be 3/t + (-39)/(-2). What is the highest common factor of r and 100?
20
Let a be 3 + 13 + 8/(-2). Calculate the greatest common divisor of 3 and a.
3
Let p be 34*(16/(-4) - -5). Calculate the greatest common factor of p and 85.
17
Let p = 14 + -8. What is the greatest common divisor of p and 66?
6
Let o be -1*2 - (4 - 5). Let q = 4 + o. Let g be ((-2)/(-1))/(-1 - -3). What is the greatest common divisor of g and q?
1
Let s(x) = 2*x**2 + 4*x. Let z be s(-6). Suppose 3*f - h = 2*h + 153, -f + z = -2*h. What is the highest common divisor of 6 and f?
6
Let c be (4/10)/((-1)/(-5)). Suppose u + 665 + 255 = -